 factor of 236 and 1981928.
236
What is the highest common divisor of 42 and 410151?
21
Calculate the highest common divisor of 35333 and 2225.
89
What is the greatest common divisor of 43136 and 8?
8
What is the highest common factor of 95 and 145?
5
What is the greatest common divisor of 14850 and 7?
1
Calculate the greatest common factor of 1088 and 2278.
34
What is the highest common divisor of 1188 and 561?
33
What is the highest common factor of 57507 and 696?
87
What is the highest common factor of 646 and 245936?
38
What is the highest common divisor of 29884 and 93?
31
Calculate the greatest common factor of 618 and 1417177.
103
Calculate the greatest common factor of 1365 and 3717.
21
Calculate the highest common divisor of 644 and 1736.
28
Calculate the greatest common factor of 1808 and 108028.
452
Calculate the greatest common divisor of 111 and 106819.
37
Calculate the greatest common divisor of 552 and 3504.
24
Calculate the greatest common divisor of 1176 and 117159.
147
What is the greatest common factor of 555741 and 18?
9
What is the highest common factor of 2939892 and 6544?
1636
What is the highest common divisor of 1270 and 53086?
254
Calculate the greatest common factor of 1260 and 4445.
35
What is the highest common divisor of 612 and 6516?
36
What is the greatest common divisor of 7439 and 346?
173
Calculate the highest common factor of 2420 and 3897410.
1210
What is the greatest common divisor of 2212 and 20818?
14
Calculate the greatest common factor of 8007 and 30396.
51
Calculate the highest common divisor of 1356 and 116.
4
What is the greatest common factor of 22 and 1746074?
22
What is the greatest common divisor of 27 and 1713177?
27
Calculate the greatest common divisor of 3973 and 14111.
137
What is the greatest common divisor of 10494 and 4950?
198
Calculate the highest common factor of 1820 and 35308.
364
Calculate the greatest common divisor of 278586 and 504.
126
Calculate the highest common divisor of 1012 and 53262.
22
Calculate the greatest common divisor of 915 and 5835.
15
What is the highest common factor of 106398 and 1104?
138
What is the greatest common divisor of 3936 and 37556?
164
Calculate the greatest common divisor of 14692832 and 1232.
1232
What is the highest common factor of 798 and 1859606?
266
Calculate the greatest common divisor of 2707360 and 16.
16
What is the highest common divisor of 529 and 495673?
529
What is the greatest common divisor of 27436 and 12?
4
What is the highest common divisor of 4392120 and 3060?
1020
What is the greatest common factor of 215804 and 8?
4
What is the highest common factor of 40837 and 6208?
97
What is the greatest common factor of 5898 and 6?
6
Calculate the greatest common divisor of 937 and 3064927.
937
What is the greatest common factor of 2793 and 1311?
57
Calculate the greatest common divisor of 40990 and 230.
10
Calculate the highest common factor of 351 and 321451.
13
Calculate the highest common divisor of 1206 and 14598.
18
Calculate the highest common factor of 9 and 432819.
9
Calculate the highest common factor of 216 and 48798.
18
What is the highest common divisor of 645954 and 6567?
597
Calculate the greatest common factor of 25914 and 4998.
42
Calculate the highest common divisor of 189 and 648.
27
What is the greatest common divisor of 192 and 144?
48
Calculate the highest common factor of 529 and 21781.
23
What is the highest common divisor of 2056 and 3176?
8
Calculate the highest common divisor of 123474 and 1794.
78
What is the highest common factor of 15072 and 176?
16
What is the highest common factor of 44 and 12221?
11
Calculate the greatest common divisor of 150 and 480990.
30
What is the greatest common factor of 8280 and 328560?
120
What is the greatest common divisor of 45066 and 222?
222
Calculate the highest common divisor of 182 and 1387113.
91
What is the highest common divisor of 38148 and 6545?
187
What is the greatest common factor of 145371 and 108?
3
Calculate the greatest common divisor of 2047562 and 242.
242
What is the greatest common factor of 964330 and 292?
146
What is the highest common divisor of 198 and 13618?
22
What is the highest common divisor of 162 and 420876?
162
Calculate the highest common factor of 8 and 85688.
8
Calculate the highest common divisor of 19375146 and 21.
21
Calculate the greatest common factor of 620 and 540.
20
What is the highest common factor of 1336 and 6020016?
1336
What is the greatest common factor of 115535 and 140?
35
What is the highest common divisor of 7217 and 21?
7
Calculate the highest common divisor of 965 and 29530.
5
What is the highest common factor of 1128 and 27777?
141
What is the greatest common factor of 1295 and 7644385?
1295
What is the highest common divisor of 76006 and 119?
7
What is the highest common factor of 581925 and 150?
75
What is the greatest common divisor of 1180 and 1090?
10
What is the greatest common factor of 2043 and 8703?
9
Calculate the highest common factor of 15260 and 49.
7
Calculate the highest common factor of 1215075 and 1700.
425
What is the highest common factor of 62130 and 228?
114
What is the highest common divisor of 4 and 63122?
2
What is the highest common divisor of 9558 and 20886?
354
Calculate the greatest common divisor of 731315 and 260.
65
Calculate the highest common factor of 46125 and 7250.
125
Calculate the highest common factor of 28383 and 3.
3
What is the greatest common divisor of 34 and 14229?
17
Calculate the highest common factor of 1297783 and 43.
43
Calculate the highest common divisor of 5655 and 1105.
65
What is the highest common divisor of 32949 and 63?
63
What is the highest common divisor of 22146 and 894?
6
Calculate the highest common divisor of 820439 and 2204.
551
Calculate the highest common divisor of 90240 and 423.
141
Calculate the highest common divisor of 111527 and 104.
13
What is the greatest common factor of 2001 and 211062?
87
Calculate the highest common divisor of 1192 and 20.
4
What is the highest common factor of 108 and 10248?
12
Calculate the greatest common divisor of 1280 and 97024.
256
Calculate the greatest common divisor of 2176 and 5848.
136
Calculate the greatest common factor of 117 and 16003.
13
Calculate the greatest common divisor of 24 and 19506.
6
What is the highest common factor of 8841 and 105?
21
What is the greatest common factor of 968 and 1608211?
121
What is the greatest common factor of 1045 and 2389915?
1045
What is the highest common divisor of 104706 and 13230?
378
What is the highest common factor of 846 and 1587942?
846
Calculate the greatest common factor of 154449 and 524.
131
What is the greatest common factor of 13153 and 49?
7
What is the highest common divisor of 497070 and 1080?
270
What is the highest common factor of 10999 and 37526?
647
What is the highest common factor of 91728 and 252?
252
Calculate the highest common divisor of 9 and 892071.
9
What is the highest common factor of 323409 and 201?
201
What is the greatest common factor of 126120 and 2160?
120
Calculate the greatest common divisor of 26506 and 29.
29
What is the greatest common factor of 246 and 969322?
82
What is the highest common divisor of 897 and 161759?
299
What is the greatest common divisor of 4208 and 272?
16
What is the highest common factor of 751391 and 2893?
263
What is the greatest common divisor of 299686 and 232?
58
What is the highest common divisor of 432 and 3504?
48
Calculate the highest common factor of 8142 and 161.
23
What is the highest common factor of 312603 and 237?
237
What is the highest common divisor of 24 and 1781520?
24
What is the greatest common divisor of 3717 and 3204?
9
What is the greatest common divisor of 726 and 515702?
242
What is the greatest common divisor of 34447 and 1568?
49
Calculate the greatest common divisor of 71306 and 1010.
202
What is the highest common divisor of 2550 and 400?
50
What is the highest common divisor of 519 and 598407?
519
Calculate the highest common divisor of 55220 and 40.
20
What is the greatest common factor of 426 and 798?
6
Calculate the highest common factor of 3736625 and 100.
25
What is the highest common factor of 8188 and 1472?
92
Calculate the highest common divisor of 14400 and 125.